{"id":1196,"date":"2024-06-02T20:57:04","date_gmt":"2024-06-02T18:57:04","guid":{"rendered":"https:\/\/agenciaviiza.com\/?post_type=product&#038;p=1196"},"modified":"2024-06-02T21:01:59","modified_gmt":"2024-06-02T19:01:59","slug":"panama-4-dias-3-noches","status":"publish","type":"product","link":"https:\/\/picsbyvery.com\/?product=panama-4-dias-3-noches","title":{"rendered":"PANAM\u00c1 4 D\u00cdAS &#8211; 3 NOCHES"},"content":{"rendered":"<p>\u00a1Nuestro paquete ciudad y playa te da la oportunidad ce conocer lo mejor de Panam\u00e1!<\/p>\n<p>Incluye: <br \/>&#8211; Boleto a\u00e9reo en la ruta Quito \u2013 Panam\u00e1 \u2013 Quito.<br \/>&#8211; Asistencia en el aeropuerto.<br \/>&#8211; Traslados hotel ciudad a hotel de playa.<br \/>&#8211; 02 noches de Alojamiento en Ciudad Hotel a elecci\u00f3n.<br \/>&#8211; 01 noche de Alojamiento en Playa Hotel Playa Blanca.<br \/>&#8211; Desayuno tipo Continental en Ciudad.<br \/>&#8211; Desayunos, almuerzos y cenas tipo buffet en hotel de playa.<br \/>&#8211; Snacks y bebidas ilimitadas en hotel de playa.<br \/>&#8211; Tour panor\u00e1mico + Medio d\u00eda de excursi\u00f3n al Canal con entrada incluida + Tour de compras a Albrook Mall.<\/p>\n","protected":false},"excerpt":{"rendered":"<p>\u00a1Nuestro paquete ciudad y playa te da la oportunidad ce conocer lo mejor de Panam\u00e1! Incluye: &#8211; Boleto a\u00e9reo en la ruta Quito \u2013 Panam\u00e1 \u2013 Quito.&#8211; Asistencia en el aeropuerto.&#8211; Traslados hotel ciudad a hotel de playa.&#8211; 02 noches de Alojamiento en Ciudad Hotel a elecci\u00f3n.&#8211; 01 noche de Alojamiento en Playa Hotel Playa [&hellip;]<\/p>\n","protected":false},"featured_media":1197,"comment_status":"open","ping_status":"closed","template":"","meta":[],"product_cat":[26],"product_tag":[],"class_list":{"0":"post-1196","1":"product","2":"type-product","3":"status-publish","4":"has-post-thumbnail","6":"product_cat-caribe","8":"first","9":"instock","10":"sale","11":"shipping-taxable","12":"purchasable","13":"product-type-simple"},"_links":{"self":[{"href":"https:\/\/picsbyvery.com\/index.php?rest_route=\/wp\/v2\/product\/1196","targetHints":{"allow":["GET"]}}],"collection":[{"href":"https:\/\/picsbyvery.com\/index.php?rest_route=\/wp\/v2\/product"}],"about":[{"href":"https:\/\/picsbyvery.com\/index.php?rest_route=\/wp\/v2\/types\/product"}],"replies":[{"embeddable":true,"href":"https:\/\/picsbyvery.com\/index.php?rest_route=%2Fwp%2Fv2%2Fcomments&post=1196"}],"wp:featuredmedia":[{"embeddable":true,"href":"https:\/\/picsbyvery.com\/index.php?rest_route=\/wp\/v2\/media\/1197"}],"wp:attachment":[{"href":"https:\/\/picsbyvery.com\/index.php?rest_route=%2Fwp%2Fv2%2Fmedia&parent=1196"}],"wp:term":[{"taxonomy":"product_cat","embeddable":true,"href":"https:\/\/picsbyvery.com\/index.php?rest_route=%2Fwp%2Fv2%2Fproduct_cat&post=1196"},{"taxonomy":"product_tag","embeddable":true,"href":"https:\/\/picsbyvery.com\/index.php?rest_route=%2Fwp%2Fv2%2Fproduct_tag&post=1196"}],"curies":[{"name":"wp","href":"https:\/\/api.w.org\/{rel}","templated":true}]}}