{"id":1517,"date":"2024-06-07T00:13:39","date_gmt":"2024-06-06T22:13:39","guid":{"rendered":"https:\/\/agenciaviiza.com\/?post_type=product&#038;p=1517"},"modified":"2024-06-07T00:28:56","modified_gmt":"2024-06-06T22:28:56","slug":"costa-rica-5d-4n","status":"publish","type":"product","link":"https:\/\/picsbyvery.com\/?product=costa-rica-5d-4n","title":{"rendered":"COSTA RICA 5D &#8211; 4N"},"content":{"rendered":"<p>\u00a1Viaja a Costar Rica con Viiza Agencia de Viajes y disfruta de una aventura inolvidable!<\/p>\n<p>&#8211; Traslado Aeropuerto (SJO) &#8211; Hotel \u2013 Aeropuerto (SJO). Servicio compartido.<br \/>&#8211;  04 noches alojamiento en hotel seleccionado.<br \/>&#8211;  Desayuno diarios.<br \/>&#8211;  City Tour panor\u00e1mico de San Jos\u00e9 con compras y almuerzo<br \/>&#8211;  Un Tour de 1 d\u00eda a escoger entre 2 Parques Nacionales:<br \/>\u25cf Parque natural y Refugio de Vida Silvestre de La Paz Waterfall Gardens y Tour<br \/>plantaciones de Caf\u00e9 Doka con almuerzo<br \/>\u25cf Volc\u00e1n Irazu, Bas\u00edlica de la Virgen de Los \u00c1ngeles en Cartago y Valle de Orosi<br \/>con almuerzo<\/p>\n","protected":false},"excerpt":{"rendered":"<p>\u00a1Viaja a Costar Rica con Viiza Agencia de Viajes y disfruta de una aventura inolvidable! &#8211; Traslado Aeropuerto (SJO) &#8211; Hotel \u2013 Aeropuerto (SJO). Servicio compartido.&#8211; 04 noches alojamiento en hotel seleccionado.&#8211; Desayuno diarios.&#8211; City Tour panor\u00e1mico de San Jos\u00e9 con compras y almuerzo&#8211; Un Tour de 1 d\u00eda a escoger entre 2 Parques Nacionales:\u25cf [&hellip;]<\/p>\n","protected":false},"featured_media":1194,"comment_status":"open","ping_status":"closed","template":"","meta":[],"product_cat":[26],"product_tag":[],"class_list":{"0":"post-1517","1":"product","2":"type-product","3":"status-publish","4":"has-post-thumbnail","6":"product_cat-caribe","8":"first","9":"instock","10":"shipping-taxable","11":"purchasable","12":"product-type-simple"},"_links":{"self":[{"href":"https:\/\/picsbyvery.com\/index.php?rest_route=\/wp\/v2\/product\/1517","targetHints":{"allow":["GET"]}}],"collection":[{"href":"https:\/\/picsbyvery.com\/index.php?rest_route=\/wp\/v2\/product"}],"about":[{"href":"https:\/\/picsbyvery.com\/index.php?rest_route=\/wp\/v2\/types\/product"}],"replies":[{"embeddable":true,"href":"https:\/\/picsbyvery.com\/index.php?rest_route=%2Fwp%2Fv2%2Fcomments&post=1517"}],"wp:featuredmedia":[{"embeddable":true,"href":"https:\/\/picsbyvery.com\/index.php?rest_route=\/wp\/v2\/media\/1194"}],"wp:attachment":[{"href":"https:\/\/picsbyvery.com\/index.php?rest_route=%2Fwp%2Fv2%2Fmedia&parent=1517"}],"wp:term":[{"taxonomy":"product_cat","embeddable":true,"href":"https:\/\/picsbyvery.com\/index.php?rest_route=%2Fwp%2Fv2%2Fproduct_cat&post=1517"},{"taxonomy":"product_tag","embeddable":true,"href":"https:\/\/picsbyvery.com\/index.php?rest_route=%2Fwp%2Fv2%2Fproduct_tag&post=1517"}],"curies":[{"name":"wp","href":"https:\/\/api.w.org\/{rel}","templated":true}]}}